{"id":1158,"date":"2018-04-26T16:12:23","date_gmt":"2018-04-26T14:12:23","guid":{"rendered":"http:\/\/82.194.72.70\/?post_type=portfolio_page&#038;p=1158"},"modified":"2020-08-13T19:03:45","modified_gmt":"2020-08-13T17:03:45","slug":"asesor-ambiental-experto-para-el-sector-minero","status":"publish","type":"portfolio_page","link":"https:\/\/www.inerco.com\/es\/eventos\/proyectos\/asesor-ambiental-experto-para-el-sector-minero\/","title":{"rendered":"ASESOR AMBIENTAL EXPERTO PARA EL SECTOR MINERO"},"content":{"rendered":"<p>Nuestra experiencia en el campo de la\u00a0miner\u00eda ha sido requerida tambi\u00e9n en los\u00a0principales proyectos mineros de pa\u00edses\u00a0como Espa\u00f1a, Colombia o Chile, entre\u00a0otros. As\u00ed, hemos desarrollado\u00a0 estudios\u00a0ambientales y de planificaci\u00f3n urban\u00edstica\u00a0en la Faja Pir\u00edtica Ib\u00e9rica, estudios de\u00a0impacto ambiental para nuevas prospecciones\u00a0y para miner\u00eda de tierras raras en\u00a0Chile, as\u00ed como evaluaciones ambientales\u00a0y asesor\u00eda para multinacionales mineras\u00a0en Colombia.<\/p>\n","protected":false},"excerpt":{"rendered":"<p>Nuestra experiencia en el campo de la\u00a0miner\u00eda ha sido requerida tambi\u00e9n en los\u00a0principales proyectos mineros&#8230;<\/p>\n","protected":false},"author":1,"featured_media":1159,"menu_order":0,"comment_status":"closed","ping_status":"closed","template":"","portfolio_category":[42],"portfolio_tag":[1196,1192,1191],"class_list":["post-1158","portfolio_page","type-portfolio_page","status-publish","has-post-thumbnail","hentry","portfolio_category-mineria","portfolio_tag-chile","portfolio_tag-colombia","portfolio_tag-espana"],"yoast_head":"<!-- This site is optimized with the Yoast SEO plugin v27.3 - https:\/\/yoast.com\/product\/yoast-seo-wordpress\/ -->\n<title>ASESOR AMBIENTAL EXPERTO PARA EL SECTOR MINERO - INERCO<\/title>\n<meta name=\"robots\" content=\"index, follow, max-snippet:-1, max-image-preview:large, max-video-preview:-1\" \/>\n<link rel=\"canonical\" href=\"https:\/\/www.inerco.com\/es\/eventos\/proyectos\/asesor-ambiental-experto-para-el-sector-minero\/\" \/>\n<meta property=\"og:locale\" content=\"es_ES\" \/>\n<meta property=\"og:type\" content=\"article\" \/>\n<meta property=\"og:title\" content=\"ASESOR AMBIENTAL EXPERTO PARA EL SECTOR MINERO - INERCO\" \/>\n<meta property=\"og:description\" content=\"Nuestra experiencia en el campo de la\u00a0miner\u00eda ha sido requerida tambi\u00e9n en los\u00a0principales proyectos mineros...\" \/>\n<meta property=\"og:url\" content=\"https:\/\/www.inerco.com\/es\/eventos\/proyectos\/asesor-ambiental-experto-para-el-sector-minero\/\" \/>\n<meta property=\"og:site_name\" content=\"INERCO\" \/>\n<meta property=\"article:modified_time\" content=\"2020-08-13T17:03:45+00:00\" \/>\n<meta property=\"og:image\" content=\"https:\/\/www.inerco.com\/wp-content\/uploads\/Proyecto-INERCO-Asesor-ambiental-experto-para-el-sector-minero.jpg\" \/>\n\t<meta property=\"og:image:width\" content=\"1000\" \/>\n\t<meta property=\"og:image:height\" content=\"450\" \/>\n\t<meta property=\"og:image:type\" content=\"image\/jpeg\" \/>\n<meta name=\"twitter:card\" content=\"summary_large_image\" \/>\n<meta name=\"twitter:site\" content=\"@Inerco_\" \/>\n<script type=\"application\/ld+json\" class=\"yoast-schema-graph\">{\"@context\":\"https:\\\/\\\/schema.org\",\"@graph\":[{\"@type\":\"WebPage\",\"@id\":\"https:\\\/\\\/www.inerco.com\\\/es\\\/eventos\\\/proyectos\\\/asesor-ambiental-experto-para-el-sector-minero\\\/\",\"url\":\"https:\\\/\\\/www.inerco.com\\\/es\\\/eventos\\\/proyectos\\\/asesor-ambiental-experto-para-el-sector-minero\\\/\",\"name\":\"ASESOR AMBIENTAL EXPERTO PARA EL SECTOR MINERO - INERCO\",\"isPartOf\":{\"@id\":\"https:\\\/\\\/www.inerco.com\\\/es\\\/#website\"},\"primaryImageOfPage\":{\"@id\":\"https:\\\/\\\/www.inerco.com\\\/es\\\/eventos\\\/proyectos\\\/asesor-ambiental-experto-para-el-sector-minero\\\/#primaryimage\"},\"image\":{\"@id\":\"https:\\\/\\\/www.inerco.com\\\/es\\\/eventos\\\/proyectos\\\/asesor-ambiental-experto-para-el-sector-minero\\\/#primaryimage\"},\"thumbnailUrl\":\"https:\\\/\\\/www.inerco.com\\\/wp-content\\\/uploads\\\/Proyecto-INERCO-Asesor-ambiental-experto-para-el-sector-minero.jpg\",\"datePublished\":\"2018-04-26T14:12:23+00:00\",\"dateModified\":\"2020-08-13T17:03:45+00:00\",\"breadcrumb\":{\"@id\":\"https:\\\/\\\/www.inerco.com\\\/es\\\/eventos\\\/proyectos\\\/asesor-ambiental-experto-para-el-sector-minero\\\/#breadcrumb\"},\"inLanguage\":\"es\",\"potentialAction\":[{\"@type\":\"ReadAction\",\"target\":[\"https:\\\/\\\/www.inerco.com\\\/es\\\/eventos\\\/proyectos\\\/asesor-ambiental-experto-para-el-sector-minero\\\/\"]}]},{\"@type\":\"ImageObject\",\"inLanguage\":\"es\",\"@id\":\"https:\\\/\\\/www.inerco.com\\\/es\\\/eventos\\\/proyectos\\\/asesor-ambiental-experto-para-el-sector-minero\\\/#primaryimage\",\"url\":\"https:\\\/\\\/www.inerco.com\\\/wp-content\\\/uploads\\\/Proyecto-INERCO-Asesor-ambiental-experto-para-el-sector-minero.jpg\",\"contentUrl\":\"https:\\\/\\\/www.inerco.com\\\/wp-content\\\/uploads\\\/Proyecto-INERCO-Asesor-ambiental-experto-para-el-sector-minero.jpg\",\"width\":\"1000\",\"height\":\"450\",\"caption\":\"Proyecto INERCO Asesor ambiental experto para el sector minero\"},{\"@type\":\"BreadcrumbList\",\"@id\":\"https:\\\/\\\/www.inerco.com\\\/es\\\/eventos\\\/proyectos\\\/asesor-ambiental-experto-para-el-sector-minero\\\/#breadcrumb\",\"itemListElement\":[{\"@type\":\"ListItem\",\"position\":1,\"name\":\"Home\",\"item\":\"https:\\\/\\\/www.inerco.com\\\/es\\\/\"},{\"@type\":\"ListItem\",\"position\":2,\"name\":\"Portfolio\",\"item\":\"https:\\\/\\\/www.inerco.com\\\/es\\\/eventos\\\/proyectos\\\/\"},{\"@type\":\"ListItem\",\"position\":3,\"name\":\"Sectores\",\"item\":\"https:\\\/\\\/www.inerco.com\\\/es\\\/eventos\\\/portfolio-category\\\/sectores\\\/\"},{\"@type\":\"ListItem\",\"position\":4,\"name\":\"Miner\u00eda\",\"item\":\"https:\\\/\\\/www.inerco.com\\\/es\\\/eventos\\\/portfolio-category\\\/mineria\\\/\"},{\"@type\":\"ListItem\",\"position\":5,\"name\":\"ASESOR AMBIENTAL EXPERTO PARA EL SECTOR MINERO\"}]},{\"@type\":\"WebSite\",\"@id\":\"https:\\\/\\\/www.inerco.com\\\/es\\\/#website\",\"url\":\"https:\\\/\\\/www.inerco.com\\\/es\\\/\",\"name\":\"INERCO\",\"description\":\"Tecnolog\u00eda, ingenier\u00eda y consultor\u00eda integral para el desarrollo industrial sostenible\",\"potentialAction\":[{\"@type\":\"SearchAction\",\"target\":{\"@type\":\"EntryPoint\",\"urlTemplate\":\"https:\\\/\\\/www.inerco.com\\\/es\\\/?s={search_term_string}\"},\"query-input\":{\"@type\":\"PropertyValueSpecification\",\"valueRequired\":true,\"valueName\":\"search_term_string\"}}],\"inLanguage\":\"es\"}]}<\/script>\n<!-- \/ Yoast SEO plugin. -->","yoast_head_json":{"title":"ASESOR AMBIENTAL EXPERTO PARA EL SECTOR MINERO - INERCO","robots":{"index":"index","follow":"follow","max-snippet":"max-snippet:-1","max-image-preview":"max-image-preview:large","max-video-preview":"max-video-preview:-1"},"canonical":"https:\/\/www.inerco.com\/es\/eventos\/proyectos\/asesor-ambiental-experto-para-el-sector-minero\/","og_locale":"es_ES","og_type":"article","og_title":"ASESOR AMBIENTAL EXPERTO PARA EL SECTOR MINERO - INERCO","og_description":"Nuestra experiencia en el campo de la\u00a0miner\u00eda ha sido requerida tambi\u00e9n en los\u00a0principales proyectos mineros...","og_url":"https:\/\/www.inerco.com\/es\/eventos\/proyectos\/asesor-ambiental-experto-para-el-sector-minero\/","og_site_name":"INERCO","article_modified_time":"2020-08-13T17:03:45+00:00","og_image":[{"width":1000,"height":450,"url":"https:\/\/www.inerco.com\/wp-content\/uploads\/Proyecto-INERCO-Asesor-ambiental-experto-para-el-sector-minero.jpg","type":"image\/jpeg"}],"twitter_card":"summary_large_image","twitter_site":"@Inerco_","schema":{"@context":"https:\/\/schema.org","@graph":[{"@type":"WebPage","@id":"https:\/\/www.inerco.com\/es\/eventos\/proyectos\/asesor-ambiental-experto-para-el-sector-minero\/","url":"https:\/\/www.inerco.com\/es\/eventos\/proyectos\/asesor-ambiental-experto-para-el-sector-minero\/","name":"ASESOR AMBIENTAL EXPERTO PARA EL SECTOR MINERO - INERCO","isPartOf":{"@id":"https:\/\/www.inerco.com\/es\/#website"},"primaryImageOfPage":{"@id":"https:\/\/www.inerco.com\/es\/eventos\/proyectos\/asesor-ambiental-experto-para-el-sector-minero\/#primaryimage"},"image":{"@id":"https:\/\/www.inerco.com\/es\/eventos\/proyectos\/asesor-ambiental-experto-para-el-sector-minero\/#primaryimage"},"thumbnailUrl":"https:\/\/www.inerco.com\/wp-content\/uploads\/Proyecto-INERCO-Asesor-ambiental-experto-para-el-sector-minero.jpg","datePublished":"2018-04-26T14:12:23+00:00","dateModified":"2020-08-13T17:03:45+00:00","breadcrumb":{"@id":"https:\/\/www.inerco.com\/es\/eventos\/proyectos\/asesor-ambiental-experto-para-el-sector-minero\/#breadcrumb"},"inLanguage":"es","potentialAction":[{"@type":"ReadAction","target":["https:\/\/www.inerco.com\/es\/eventos\/proyectos\/asesor-ambiental-experto-para-el-sector-minero\/"]}]},{"@type":"ImageObject","inLanguage":"es","@id":"https:\/\/www.inerco.com\/es\/eventos\/proyectos\/asesor-ambiental-experto-para-el-sector-minero\/#primaryimage","url":"https:\/\/www.inerco.com\/wp-content\/uploads\/Proyecto-INERCO-Asesor-ambiental-experto-para-el-sector-minero.jpg","contentUrl":"https:\/\/www.inerco.com\/wp-content\/uploads\/Proyecto-INERCO-Asesor-ambiental-experto-para-el-sector-minero.jpg","width":"1000","height":"450","caption":"Proyecto INERCO Asesor ambiental experto para el sector minero"},{"@type":"BreadcrumbList","@id":"https:\/\/www.inerco.com\/es\/eventos\/proyectos\/asesor-ambiental-experto-para-el-sector-minero\/#breadcrumb","itemListElement":[{"@type":"ListItem","position":1,"name":"Home","item":"https:\/\/www.inerco.com\/es\/"},{"@type":"ListItem","position":2,"name":"Portfolio","item":"https:\/\/www.inerco.com\/es\/eventos\/proyectos\/"},{"@type":"ListItem","position":3,"name":"Sectores","item":"https:\/\/www.inerco.com\/es\/eventos\/portfolio-category\/sectores\/"},{"@type":"ListItem","position":4,"name":"Miner\u00eda","item":"https:\/\/www.inerco.com\/es\/eventos\/portfolio-category\/mineria\/"},{"@type":"ListItem","position":5,"name":"ASESOR AMBIENTAL EXPERTO PARA EL SECTOR MINERO"}]},{"@type":"WebSite","@id":"https:\/\/www.inerco.com\/es\/#website","url":"https:\/\/www.inerco.com\/es\/","name":"INERCO","description":"Tecnolog\u00eda, ingenier\u00eda y consultor\u00eda integral para el desarrollo industrial sostenible","potentialAction":[{"@type":"SearchAction","target":{"@type":"EntryPoint","urlTemplate":"https:\/\/www.inerco.com\/es\/?s={search_term_string}"},"query-input":{"@type":"PropertyValueSpecification","valueRequired":true,"valueName":"search_term_string"}}],"inLanguage":"es"}]}},"_links":{"self":[{"href":"https:\/\/www.inerco.com\/es\/wp-json\/wp\/v2\/portfolio_page\/1158","targetHints":{"allow":["GET"]}}],"collection":[{"href":"https:\/\/www.inerco.com\/es\/wp-json\/wp\/v2\/portfolio_page"}],"about":[{"href":"https:\/\/www.inerco.com\/es\/wp-json\/wp\/v2\/types\/portfolio_page"}],"author":[{"embeddable":true,"href":"https:\/\/www.inerco.com\/es\/wp-json\/wp\/v2\/users\/1"}],"replies":[{"embeddable":true,"href":"https:\/\/www.inerco.com\/es\/wp-json\/wp\/v2\/comments?post=1158"}],"wp:featuredmedia":[{"embeddable":true,"href":"https:\/\/www.inerco.com\/es\/wp-json\/wp\/v2\/media\/1159"}],"wp:attachment":[{"href":"https:\/\/www.inerco.com\/es\/wp-json\/wp\/v2\/media?parent=1158"}],"wp:term":[{"taxonomy":"portfolio_category","embeddable":true,"href":"https:\/\/www.inerco.com\/es\/wp-json\/wp\/v2\/portfolio_category?post=1158"},{"taxonomy":"portfolio_tag","embeddable":true,"href":"https:\/\/www.inerco.com\/es\/wp-json\/wp\/v2\/portfolio_tag?post=1158"}],"curies":[{"name":"wp","href":"https:\/\/api.w.org\/{rel}","templated":true}]}}

<p>Nuestra experiencia en el campo de la minería ha sido requerida también en los principales proyectos mineros de países como España, Colombia o Chile, entre otros. Así, hemos desarrollado  estudios ambientales y de planificación urbanística en la Faja Pirítica Ibérica, estudios de impacto ambiental para nuevas prospecciones y para minería de tierras raras en Chile, así como evaluaciones ambientales y asesoría para multinacionales mineras en Colombia.</p>

<p>Nuestra experiencia en el campo de la minería ha sido requerida también en los principales proyectos mineros&#8230;</p>

<!-- This site is optimized with the Yoast SEO plugin v27.3 - https://yoast.com/product/yoast-seo-wordpress/ -->
<title>ASESOR AMBIENTAL EXPERTO PARA EL SECTOR MINERO - INERCO</title>
<meta name="robots" content="index, follow, max-snippet:-1, max-image-preview:large, max-video-preview:-1" />
<link rel="canonical" href="https://www.inerco.com/es/eventos/proyectos/asesor-ambiental-experto-para-el-sector-minero/" />
<meta property="og:locale" content="es_ES" />
<meta property="og:type" content="article" />
<meta property="og:title" content="ASESOR AMBIENTAL EXPERTO PARA EL SECTOR MINERO - INERCO" />
<meta property="og:description" content="Nuestra experiencia en el campo de la minería ha sido requerida también en los principales proyectos mineros..." />
<meta property="og:url" content="https://www.inerco.com/es/eventos/proyectos/asesor-ambiental-experto-para-el-sector-minero/" />
<meta property="og:site_name" content="INERCO" />
<meta property="article:modified_time" content="2020-08-13T17:03:45+00:00" />
<meta property="og:image" content="https://www.inerco.com/wp-content/uploads/Proyecto-INERCO-Asesor-ambiental-experto-para-el-sector-minero.jpg" />
	<meta property="og:image:width" content="1000" />
	<meta property="og:image:height" content="450" />
	<meta property="og:image:type" content="image/jpeg" />
<meta name="twitter:card" content="summary_large_image" />
<meta name="twitter:site" content="@Inerco_" />
<script type="application/ld+json" class="yoast-schema-graph">{"@context":"https:\/\/schema.org","@graph":[{"@type":"WebPage","@id":"https:\/\/www.inerco.com\/es\/eventos\/proyectos\/asesor-ambiental-experto-para-el-sector-minero\/","url":"https:\/\/www.inerco.com\/es\/eventos\/proyectos\/asesor-ambiental-experto-para-el-sector-minero\/","name":"ASESOR AMBIENTAL EXPERTO PARA EL SECTOR MINERO - INERCO","isPartOf":{"@id":"https:\/\/www.inerco.com\/es\/#website"},"primaryImageOfPage":{"@id":"https:\/\/www.inerco.com\/es\/eventos\/proyectos\/asesor-ambiental-experto-para-el-sector-minero\/#primaryimage"},"image":{"@id":"https:\/\/www.inerco.com\/es\/eventos\/proyectos\/asesor-ambiental-experto-para-el-sector-minero\/#primaryimage"},"thumbnailUrl":"https:\/\/www.inerco.com\/wp-content\/uploads\/Proyecto-INERCO-Asesor-ambiental-experto-para-el-sector-minero.jpg","datePublished":"2018-04-26T14:12:23+00:00","dateModified":"2020-08-13T17:03:45+00:00","breadcrumb":{"@id":"https:\/\/www.inerco.com\/es\/eventos\/proyectos\/asesor-ambiental-experto-para-el-sector-minero\/#breadcrumb"},"inLanguage":"es","potentialAction":[{"@type":"ReadAction","target":["https:\/\/www.inerco.com\/es\/eventos\/proyectos\/asesor-ambiental-experto-para-el-sector-minero\/"]}]},{"@type":"ImageObject","inLanguage":"es","@id":"https:\/\/www.inerco.com\/es\/eventos\/proyectos\/asesor-ambiental-experto-para-el-sector-minero\/#primaryimage","url":"https:\/\/www.inerco.com\/wp-content\/uploads\/Proyecto-INERCO-Asesor-ambiental-experto-para-el-sector-minero.jpg","contentUrl":"https:\/\/www.inerco.com\/wp-content\/uploads\/Proyecto-INERCO-Asesor-ambiental-experto-para-el-sector-minero.jpg","width":"1000","height":"450","caption":"Proyecto INERCO Asesor ambiental experto para el sector minero"},{"@type":"BreadcrumbList","@id":"https:\/\/www.inerco.com\/es\/eventos\/proyectos\/asesor-ambiental-experto-para-el-sector-minero\/#breadcrumb","itemListElement":[{"@type":"ListItem","position":1,"name":"Home","item":"https:\/\/www.inerco.com\/es\/"},{"@type":"ListItem","position":2,"name":"Portfolio","item":"https:\/\/www.inerco.com\/es\/eventos\/proyectos\/"},{"@type":"ListItem","position":3,"name":"Sectores","item":"https:\/\/www.inerco.com\/es\/eventos\/portfolio-category\/sectores\/"},{"@type":"ListItem","position":4,"name":"Minería","item":"https:\/\/www.inerco.com\/es\/eventos\/portfolio-category\/mineria\/"},{"@type":"ListItem","position":5,"name":"ASESOR AMBIENTAL EXPERTO PARA EL SECTOR MINERO"}]},{"@type":"WebSite","@id":"https:\/\/www.inerco.com\/es\/#website","url":"https:\/\/www.inerco.com\/es\/","name":"INERCO","description":"Tecnología, ingeniería y consultoría integral para el desarrollo industrial sostenible","potentialAction":[{"@type":"SearchAction","target":{"@type":"EntryPoint","urlTemplate":"https:\/\/www.inerco.com\/es\/?s={search_term_string}"},"query-input":{"@type":"PropertyValueSpecification","valueRequired":true,"valueName":"search_term_string"}}],"inLanguage":"es"}]}</script>
<!-- / Yoast SEO plugin. -->

Nuestra experiencia en el campo de la minería ha sido requerida también en los principales proyectos mineros...

Minería

Tecnología, ingeniería y consultoría integral para el desarrollo industrial sostenible
